-3).
-7
Let d(h) = h**3 - 9*h**2 + 9*h - 6. Let f be d(8). Suppose f*t - 4*z = -8, 2*z - 2 = -0*t + 2*t. Let m(y) = -3*y**2 + y - 2. Calculate m(t).
-12
Suppose 0 = -8*k + 6*k - 2. Let r(i) = -i - 1. Let v(q) = 2*q - 4. Let h(u) = 5*r(u) - v(u). Let z(j) = -8*j - 1. Let p(y) = -4*h(y) + 3*z(y). Determine p(k).
-3
Let q(a) = -7*a. Suppose -7*p + 952 - 966 = 0. What is q(p)?
14
Let a(k) = -k + 3. Suppose w + 4*i = -10, -5*w + 5*i = -8 - 17. Suppose 5*h + 2*f - 15 = 6*h, 5*h = w*f - 35. Give a(h).
8
Let l(n) = -31 - 2*n - 44 + 5*n + 41. Calculate l(8).
-10
Suppose -11*j - 24 = -7*j. Let d be (-7)/((-21)/j) + 4. Let a(r) = -5*r**2 - 2*r + 3. Give a(d).
-21
Let x(q) = -2*q**2 + 11*q + 6. Let n = -9 + 7. Let j(a) = -a**3 - 2*a**2 - 4*a - 2. Let v be j(n). Let t be x(v). Let y(z) = -z**2 + z - 8. Calculate y(t).
-8
Let y(a) be the second derivative of -a**4/12 + 2*a**3/3 - a**2 + 14*a - 1. What is y(5)?
-7
Let o(f) = 10*f + 8. Let y(g) = 2*g + 1. Let l(b) = b**2 - 14*b + 34. Let s be l(11). Let h(d) = s*o(d) - 6*y(d). Calculate h(5).
-8
Let y(m) = m**3 - 5*m**2 + 3*m - 3. Let i = -12 - -25. Suppose -u + 5*x - x = i, -u - 3*x + 15 = 0. Give y(u).
-12
Let g = 281/1992 - 4/249. Let p(u) be the third derivative of 1/15*u**5 + 0 - 1/120*u**6 + 0*u - g*u**4 + 4*u**2 - 1/3*u**3. Calculate p(4).
-14
Let z = -25 + 11. Let h = z + 25. Let u(v) = -v + 6*v**3 + h*v**2 + 7 - 2 - 4 - 12*v**2. What is u(1)?
5
Let h(p) = -p**3 + p**2 + 1. Let c(j) = -2*j**3 + 2*j**2 + 1. Let i(q) = 2*c(q) - 3*h(q). Calculate i(0).
-1
Let i(s) = -3*s**3 - 21*s**2 + 9*s - 11. Let l(c) = 4*c**3 + 24*c**2 - 10*c + 12. Let j(z) = 5*i(z) + 4*l(z). Determine j(8).
-31
Let c(p) be the first derivative of -p**2/2 + 24*p - 265. Give c(19).
5
Let s(k) = k**3 - k**2 - 1. Let v(h) = -2*h**3 + 15*h**2 + 8. Let l(m) = 3*s(m) + v(m). Give l(-12).
5
Let h(y) = 4*y**3 + 5 + 3 - 3*y**3 + 61*y**2 - 2*y - 63*y**2 - 5. What is h(2)?
-1
Let l(q) = -q**2 - 7*q + 3. Suppose -14*x - 7 = -13*x. Let u be l(x). Let k be u + (-7 - (-3 - -2)). Let c(a) = a**3 + 4*a**2 + 2*a + 2. Determine c(k).
5
Let b(x) = 8*x + 125. Let f be b(-14). Let i(t) = t**3 - 14*t**2 + 14*t - 7. Calculate i(f).
6
Let c = -1036 + 1040. Let w(f) = 2*f**2 - f + 1. Let a be w(1). Let y(b) = -2*b + 3 - b + a. What is y(c)?
-7
Let o = -128 + 134. Let d(n) = n**3 - 6*n**2 - 2*n + 5. Determine d(o).
-7
Let b(q) = -326*q**2 - 324*q**2 + 655*q**2 + 6*q - q**3. Suppose 2*w = -3*f + 24, w + 0*w = 3. Give b(f).
0
Let g = 33 - 28. Suppose -4*t = -g*y + 26, 3*y + 14 = 6*y - 4*t. Let f(c) = 2*c - 3. Determine f(y).
9
Let s(u) = 2*u**2 - 2*u - 1. Let f = -80 + 75. Let q be 0 + f + 19 + -16. Calculate s(q).
11
Let i(o) = 2*o**3 - 5*o**2 - 10*o + 18. Let h be i(3). Let k(r) = -3*r**2 - r. Calculate k(h).
-24
Let m(b) = b - 9. Let v be m(0). Let w be -2 + (2/(-6))/((-3)/v). Let o(x) = x**2 + 2*x - 2. What is o(w)?
1
Suppose 14*r + 204 = 48*r. Let g(v) = -v - 1. Let s(q) = -2*q - 4. Let p(u) = 6*g(u) - 2*s(u). Determine p(r).
-10
Let s(f) = -f**2 + 181 - 100 + 10*f - 86. What is s(9)?
4
Let z = -640 - -640. Let m(y) = y**3 + y**2 - y + 2. What is m(z)?
2
Suppose -22 = -2*c - 0*j - j, -2*j = -4*c + 36. Let p(b) = -c*b + 15*b - b - 7*b + 3. Determine p(6).
-15
Let d(s) = -9*s - 3. Let u(t) = 11*t - 3. Let a(g) = 5*d(g) + 4*u(g). Determine a(-8).
-19
Let s(h) = -1897*h**2 - 3*h - h + h**3 - 4 + 1900*h**2. Determine s(-3).
8
Let m(u) be the second derivative of u**6/360 - u**5/30 + u**4/6 - 2*u. Let l(s) be the third derivative of m(s). Let q be 5 + 3 - (-6 + 5)*-2. What is l(q)?
8
Suppose 272 = -2*w - 0*w. Let h be (-2 - 1)/((-51)/w). Let y(q) = -q**2 - 9*q - 5. Determine y(h).
3
Let i(u) = -116 + 237 - 22*u**2 + 20*u + u**3 - 93. Determine i(21).
7
Let x be 3/(-4) + 609/28. Let r be -3*(x/(-9) + 2). Let h(w) = -w - 2*w + w - 1. Give h(r).
-3
Let c(s) = -s**2 - 4*s + 107. Let v be c(8). Let d(a) = -2*a + 3. What is d(v)?
-19
Let x(h) be the third derivative of h**6/120 + h**5/5 + 11*h**4/24 - h**3/2 + h**2 + 1. Give x(-11).
-3
Let u(y) = -y**2 + 166*y - 1108. Let v be u(7). Let j(w) = -w**2 + 3*w + 12. Determine j(v).
2
Suppose 109 = s + 5. Let f(w) = -104*w**2 + w + s*w**2 + 9*w**3. Let j(c) = c**3 - 2*c**2 - 3*c - 1. Let m be j(3). Calculate f(m).
-10
Let l(b) = -b**2 + 12*b - 11. Let v be l(11). Let w be (-6 + 6)/(-3 + v). Let a = -3 + w. Let k(x) = x - 4. Calculate k(a).
-7
Let q(y) = 2 + y + 2*y - 2*y. Determine q(-5).
-3
Let k(p) = -p + 11. Let g be k(-6). Let s be (g/34)/((-2)/16) + 6. Let w(r) = 2*r + 2. What is w(s)?
6
Let o(n) = -n + 1. Let r(d) = -7*d + 6. Let b(m) = -6*o(m) + r(m). Let s = 11 + -12. Let c be s + 4/4 + 2. Calculate b(c).
-2
Let g(h) = 2*h - 9*h**2 + 8*h**2 - 8*h + 2*h**2. Suppose 3*s - 4*s = 5. Let k = 2 - s. Determine g(k).
7
Suppose -2*t - 2 = -12. Let x = -7 - -7. Suppose x = -t*h + 11 - 31. Let v(k) = -k**2 - 3*k - 1. Determine v(h).
-5
Let f(j) be the first derivative of -j**4/4 - 4*j**3/3 - 5*j**2/2 - 6*j - 885. Determine f(-3).
0
Let y(r) = r**3 - 7*r**2 + 8*r - 6. Let a be y(6). Let s be ((-2)/a)/(11/(-198)). Let d(m) = -m. Give d(s).
-6
Let a(s) = s**3 - 5*s**2 + 5*s - 1. Let r be a(4). Let f(j) = -3*j**2 + j + 6. Let v(m) = -6 + 0*m**2 + m**2 + 5 - m. Let u(g) = f(g) + 4*v(g). Determine u(r).
2
Let a(f) = -f**2 + 8*f + 2. Suppose 13*b - 72 = 45. What is a(b)?
-7
Let m(q) be the first derivative of q**5/60 - 7*q**4/24 - 5*q**3/6 - 33*q**2/2 + 28. Let i(b) be the second derivative of m(b). Give i(7).
-5
Let n(d) = d**2 - 8*d - 4. Suppose -5*j = -5*y - 390, -398 = 5*y + j - 2*j. Let w = y - -88. Give n(w).
-4
Let t(g) = 0 - 6*g + 2*g - 11 + 2*g. Let c(h) = -h - 6. Let m(z) = 11*c(z) - 6*t(z). Calculate m(-4).
-4
Suppose 6 + 8 = -7*t. Let z(c) = 9*c - 2. Let u be z(t). Let p = u + 22. Let x(j) = j**3 - 2*j**2 + j. Determine x(p).
2
Let q(h) be the first derivative of -4*h + 8 + 1/3*h**3 - 5/2*h**2. Calculate q(7).
10
Let c(r) = 195 - 194 - 4*r + 0*r. Calculate c(1).
-3
Let p = -87 + 92. Let v(q) = -3*q**2 + 21*q - 4. Let z(l) = -l**2 + 8*l - 2. Let f(k) = k - 1. Let g(m) = f(m) - z(m). Let b(u) = 11*g(u) + 4*v(u). Give b(p).
5
Let f(n) = 2*n**3 - 8*n**2 - 5*n. Let l be f(6). Let d = -115 + l. Let o(s) = -4*s + 1. Determine o(d).
5
Let i = -22 + 11. Let g(m) = -m**2 - 12*m - 6. Let r be g(i). Let v(a) = 4*a**2 - 3*a**3 + 2*a**3 + 4 + 0*a + 4*a. Calculate v(r).
-1
Let r be (-15)/(-25) + 144/10. Suppose 0 = 3*d + 3*q, 5*d - 3*q - r = 17. Let x(c) be the second derivative of -c**3/3 - 11*c. What is x(d)?
-8
Let h = -23 - -71. Suppose -4*z + h = -0*z. Let a be 6/(-4) - 18/z. Let d(t) = t**2 + 2*t. Give d(a).
3
Let g(r) = -2*r**3 + 4 + r**3 - 12*r + 14*r**2 - 12 + 0*r**3. Determine g(13).
5
Let u(c) = 35*c - 135. Let y be u(4). Let p(v) = v**3 - 3*v**2 - 11*v + 7. Calculate p(y).
2
Let d(h) = 4*h**3 + 7*h**2 - 5*h - 4. Let k(f) = 5*f**3 + 8*f**2 - 8*f - 5. Let p(v) = -4*d(v) + 3*k(v). Calculate p(-3).
4
Let z(m) = -m**2 - 1. Let t(b) = 3*b**2 + 6*b + 5. Let l = 36 + -38. Let f(h) = l*z(h) - t(h). Suppose 2*d = -4*c - 0*c + 8, -4*d + 2*c = 34. Give f(d).
-3
Let a(l) = -16*l**3 + 4*l**2 - l - 1. Let y(t) = -31*t**3 + 6*t**2 - t - 2. Let z(n) = -5*a(n) + 3*y(n). Determine z(1).
-14
Let x(d) = -3*d**2 - d - 1. Suppose -2*o - 2*o - 16 = 0. Let w(q) = q**3 + 3*q**2 - 4*q - 1. Let i be w(o). Determine x(i).
-3
Suppose -3*p - 3*p = 54. Let o = 14 + p. Suppose 5*g - l + 6 + 17 = 0, -o*l = 2*g - 7. Let k(u) = u**2 + 5*u - 2. What is k(g)?
-6
Let o(g) = -19*g - 10. Let m(w) = w + 1. Let n(v) = 1. Let i = -12 - -15. Let l(u) = i*n(u) - 6*m(u). Let y(q) = -7*l(q) + 2*o(q). Determine y(-4).
-15
Let y(c) = -2*c + 0*c + 5*c**2 - 3 - 2*c**2 - 4*c**2. Let k = -306 - -303. What is y(k)?
-6
Suppose -2*u + 3*g + 4 = 4*g, 2 = u - 2*g. Let c(j) = 3*j**2 - j - 1. Give c(u).
9
Let z(i) = -i + 7. Let n be z(7). Let f(h) be the third derivative of 0 + 0*h + 1/24*h**4 + 11*h**2 + 7/6*h**3. Give f(n).
7
Let l(r) = 3 - 13 + 0*r - r. Let p = 10018 - 10029. Calculate l(p).
1
Let p(k) = 24*k - 8*k + 3 - 15*k - 5*k. Give p(5).
-17
Let q(o) = -o - 6. Let x = 397 + -402. What is q(x)?
-1
Suppose 0*w - 3*w = -72. Let c = w + -27. Let b(k) be the second derivative of k**4/12 + 2*k**3/3 + 2*k**2 - k. Calculate b(c).
1
Suppose -2*r - 12 = -24. Let a(f) = f**3 - 8*f**